{"id":25,"date":"2025-08-20T23:48:46","date_gmt":"2025-08-20T23:48:46","guid":{"rendered":"https:\/\/corinnedays.net\/?page_id=25"},"modified":"2025-08-21T00:59:29","modified_gmt":"2025-08-21T00:59:29","slug":"les-etoiles-volante","status":"publish","type":"page","link":"https:\/\/corinnedays.net\/index.php\/les-etoiles-volante\/","title":{"rendered":"Les \u00e9toiles volantes"},"content":{"rendered":"\n<p>Au c\u0153ur du feng shui traditionnel se trouve la m\u00e9thode des \u00e9toiles volantes.<\/p>\n\n\n\n<p>Elle repose sur l\u2019id\u00e9e que l\u2019\u00e9nergie d\u2019un lieu \u00e9volue au fil du temps et selon son orientation.<\/p>\n\n\n\n<p>Gr\u00e2ce \u00e0 une analyse bas\u00e9e sur la date de construction et la configuration de l\u2019espace, une \u00ab carte \u00e9nerg\u00e9tique \u00bb est \u00e9tablie : elle met en lumi\u00e8re neuf \u00e9toiles, chacune ayant des influences sp\u00e9cifiques sur la sant\u00e9, les relations, la vitalit\u00e9 ou encore la prosp\u00e9rit\u00e9.<\/p>\n\n\n\n<p>En identifiant les sc\u00e8nes qui se jouent, il devient possible de renforcer les \u00e9nergies positives et de corriger les d\u00e9s\u00e9quilibres pour vivre dans un environnement v\u00e9ritablement soutenant.<\/p>\n\n\n\n<figure class=\"wp-block-image size-large\"><img loading=\"lazy\" decoding=\"async\" width=\"1024\" height=\"883\" src=\"https:\/\/corinnedays.net\/wp-content\/uploads\/2025\/08\/Plan-etoiles-volantes-1024x883.jpg\" alt=\"\" class=\"wp-image-63\" srcset=\"https:\/\/corinnedays.net\/wp-content\/uploads\/2025\/08\/Plan-etoiles-volantes-1024x883.jpg 1024w, https:\/\/corinnedays.net\/wp-content\/uploads\/2025\/08\/Plan-etoiles-volantes-300x259.jpg 300w, https:\/\/corinnedays.net\/wp-content\/uploads\/2025\/08\/Plan-etoiles-volantes-768x663.jpg 768w, https:\/\/corinnedays.net\/wp-content\/uploads\/2025\/08\/Plan-etoiles-volantes.jpg 1231w\" sizes=\"auto, (max-width: 767px) 89vw, (max-width: 1000px) 54vw, (max-width: 1071px) 543px, 580px\" \/><\/figure>\n","protected":false},"excerpt":{"rendered":"<p>Au c\u0153ur du feng shui traditionnel se trouve la m\u00e9thode des \u00e9toiles volantes. Elle repose sur l\u2019id\u00e9e que l\u2019\u00e9nergie d\u2019un lieu \u00e9volue au fil du temps et selon son orientation. Gr\u00e2ce \u00e0 une analyse bas\u00e9e sur la date de construction et la configuration de l\u2019espace, une \u00ab carte \u00e9nerg\u00e9tique \u00bb est \u00e9tablie : elle met &hellip; <\/p>\n<p class=\"link-more\"><a href=\"https:\/\/corinnedays.net\/index.php\/les-etoiles-volante\/\" class=\"more-link\">Continue reading<span class=\"screen-reader-text\"> &#8220;Les \u00e9toiles volantes&#8221;<\/span><\/a><\/p>\n","protected":false},"author":1,"featured_media":0,"parent":0,"menu_order":0,"comment_status":"closed","ping_status":"closed","template":"","meta":{"footnotes":""},"class_list":["post-25","page","type-page","status-publish","hentry"],"_links":{"self":[{"href":"https:\/\/corinnedays.net\/index.php\/wp-json\/wp\/v2\/pages\/25","targetHints":{"allow":["GET"]}}],"collection":[{"href":"https:\/\/corinnedays.net\/index.php\/wp-json\/wp\/v2\/pages"}],"about":[{"href":"https:\/\/corinnedays.net\/index.php\/wp-json\/wp\/v2\/types\/page"}],"author":[{"embeddable":true,"href":"https:\/\/corinnedays.net\/index.php\/wp-json\/wp\/v2\/users\/1"}],"replies":[{"embeddable":true,"href":"https:\/\/corinnedays.net\/index.php\/wp-json\/wp\/v2\/comments?post=25"}],"version-history":[{"count":3,"href":"https:\/\/corinnedays.net\/index.php\/wp-json\/wp\/v2\/pages\/25\/revisions"}],"predecessor-version":[{"id":81,"href":"https:\/\/corinnedays.net\/index.php\/wp-json\/wp\/v2\/pages\/25\/revisions\/81"}],"wp:attachment":[{"href":"https:\/\/corinnedays.net\/index.php\/wp-json\/wp\/v2\/media?parent=25"}],"curies":[{"name":"wp","href":"https:\/\/api.w.org\/{rel}","templated":true}]}}